+ 3*t - d = 0, -2*c + t + 58 + 24 = 0. Let i = c + -30. What is the remainder when 80 is divided by i?
8
Let p(y) = 87*y**2 + 75*y + 23. What is the remainder when p(6) is divided by 11?
8
Suppose -4*o + 32 = -4*u, 11*o = 9*o + 5*u + 28. Suppose 74 = o*v - 6. Calculate the remainder when 38 is divided by v.
18
Suppose 3*w - 2*r - 136 = 0, -w + 2*r + 46 = r. Let a = -62 + 66. Calculate the remainder when -4 + w/8*2 is divided by a.
3
Let z(v) = -3*v + 104. Let j be z(33). Suppose -k = 6*s - 5*s - 4, j*s - 5*k = 60. Calculate the remainder when 317 is divided by s.
5
Let i = 15733 + -15396. Calculate the remainder when i is divided by 10.
7
Suppose 0 = -2*r - 2*a + 130, a - 6*a + 25 = 0. Suppose -r = -c + 4*q - q, 5*c - 5*q = 310. Calculate the remainder when 120 is divided by c.
57
Let c(t) = 256*t**3 - t**2 + t - 15. Calculate the remainder when c(3) is divided by 113.
111
Let y be -2*(187 + 1) - (15 - 14). Let d = -340 - y. Calculate the remainder when d is divided by 8.
5
Let q(v) be the first derivative of -41*v**4/4 + 2*v**3/3 - v**2 + v - 20. Let r be q(1). Let y = r + 44. What is the remainder when 23 is divided by y?
3
Let q be (-9)/(-6) + (-95)/(-10). Let z(f) = 13*f + 83. Calculate the remainder when z(q) is divided by 38.
36
Suppose -w + 94 = -8*s - 214, -798 = -3*w + 3*s. What is the remainder when 789 is divided by w?
9
Let t(p) = p**2 - 2*p - 459. Let n(w) = -w**3 + w**2 - w + 90. What is the remainder when n(0) is divided by t(23)?
18
Suppose -2*g + 5*g = 12, -5*l + g = -226. Suppose y = x - 1 + 13, 4*x + l = 3*y. What is the remainder when -62*5/2*2/x is divided by 8?
7
Let l be 12/(-5 - -4 - -3). Let y be 5 - (-4)/(-8) - 3/l. Suppose -y*f + 330 = 4*s + f, 0 = 4*f - 8. What is the remainder when s is divided by 29?
22
What is the remainder when 3927 is divided by 210 - 49/(196/(-32))?
3
What is the remainder when 2232 + (-11 - (-954)/90) + 27/5 is divided by 32?
29
Let i(w) = -w**2 - 27*w + 3165. Calculate the remainder when 5860 is divided by i(-71).
38
Suppose 53*h + 1602 = 142*h. What is the remainder when 67 is divided by h?
13
Suppose 5*l - 48 = 7. Let w(r) = r**2 + 3*r - 2. Let t be w(-7). Suppose 4*n + 5*i = 341, 2*i + t - 28 = 0. What is the remainder when n is divided by l?
7
Suppose -14*f - 100 = -17*f - 4*c, -66 = -2*f - 3*c. Calculate the remainder when 231 is divided by f.
15
What is the remainder when ((-261)/6)/1*1566/(-81)*3 is divided by 40?
3
Calculate the remainder when 342 is divided by -217*(-4)/28 - 10.
6
Suppose 22*m - 90 - 433 = 137. Calculate the remainder when 227 is divided by m.
17
Suppose -75*r = -108*r + 2937. What is the remainder when r is divided by 46?
43
Let b(k) = -81*k + 1397. What is the remainder when 188 is divided by b(17)?
8
Let p(o) = -236*o + 711. Let n = -3 - 0. Let z(g) = 3*g**2 + 5*g + 2. Calculate the remainder when z(n) is divided by p(3).
2
Let d = 800 - 736. Suppose -4*w - 2*j = -d, 11*w - 7*w - 5*j = 36. What is the remainder when 15 is divided by w?
1
Let j be 4/(-6) + (-4573)/(-51). Suppose -u = -3*l + j, 13*l - 8*l - 5*u = 135. What is the remainder when l is divided by 2/(((-4)/17)/(-2))?
14
Suppose -5*a + 5*n = -50, -80 = -5*a - 3*n - 6. Let k = a - -8. Let c = 55 + 6. What is the remainder when c is divided by k?
19
Suppose -1105 = -82*l + 7138 + 29067. What is the remainder when l is divided by 14?
7
Suppose -2*b - 2*c + 130 = 0, -3*b + c = -0*c - 187. Suppose 13*d - b - 275 = 0. What is the remainder when 100 is divided by d?
22
Suppose 2*m - 66 = 2*n + 26, 2*n + 8 = 0. Suppose m*d - 1512 = 36*d. Calculate the remainder when d is divided by 15.
12
Suppose -224 = 15*m + 1. Let g be 4/10 - (-6)/m. Suppose -7*u = -4*u + 9, 4*f - 2*u - 230 = g. Calculate the remainder when 220 is divided by f.
52
Let u = -195 + 197. Suppose 5*l = 4*l + 2*m + 33, -4*m = u*l - 66. Calculate the remainder when 43 is divided by l.
10
Suppose 24 + 4 = -14*b. Calculate the remainder when 2/b + (-20)/4 + 110 is divided by (-1)/5 + (-106)/(-5).
20
Let c(b) = -3*b - 7. Let r be c(-19). Let s = 34 + r. Suppose -4*j + s = -j. What is the remainder when j is divided by 8?
4
Let h(s) = -11*s**2 - s**3 + 5 + 2 + 9 + 12*s. Let c be (-9)/((-2)/((-24)/9)). Calculate the remainder when 157 is divided by h(c).
13
Let k(g) = 11*g - 12. Let o(w) = -w**3 - 4*w**2 + 10*w - 20. Let f be o(-6). Let b be ((-4)/f)/((-3)/(-66)). What is the remainder when k(b) is divided by 37?
35
Calculate the remainder when 14322 is divided by (-2 - 13)*(-19 - 504/(-28)).
12
Suppose -2976 = -20*p - 436. Suppose 3*x - 4*b = 53, 5*x - 17*b - p = -20*b. What is the remainder when 130 is divided by x?
15
Calculate the remainder when 846 is divided by 3611/46 + 90/20.
16
Suppose -2*t = -47 - 683. Suppose 2419 - t = 26*c. Calculate the remainder when 472 is divided by c.
77
Let d(z) be the third derivative of -z**4/8 + 5*z**3 - 27*z**2. Let y be d(9). Suppose -4*l - y + 471 = 0. Calculate the remainder when l is divided by 17.
15
Let i = 112 - 152. Let n be i/(-6) - 4 - 8/12. Suppose -n*k + 2 = 0, -f + 0*k - 2*k = -14. Calculate the remainder when 33 is divided by f.
9
Let x(l) = l**3 + 5*l**2 + 5*l + 2. Let m(w) = -190*w + 382*w - 191*w - 20. Let b be m(17). What is the remainder when 17 is divided by x(b)?
2
Let c(u) = 10*u - 56. Let g be c(5). Let i(b) = -9*b - 15. Calculate the remainder when i(g) is divided by 5.
4
Let w be 890/(-12) + 2/12. Let q = w - -74. Suppose -3 = -3*p - q*p - x, 11 = 4*p - x. Calculate the remainder when 5 is divided by p.
1
Let k(f) = f**3 - 44*f**2 + 72*f + 551. Calculate the remainder when 323 is divided by k(42).
41
Let p be ((-105)/(-10))/(9/6 + -1). What is the remainder when 43 is divided by 448/p + (-4)/12 + -2?
5
Suppose 4613 = 5*n - 166*m + 169*m, n - 933 = 2*m. What is the remainder when n is divided by 131?
8
Suppose 53*j = 55*j - 240. Let n = -100 + j. Calculate the remainder when 56 is divided by n.
16
Suppose 3*i + 15 = y, 2*y + 27 = -3*i - y. Suppose 4*o + 2*c = 86, o + 4*c = 13 - 2. Calculate the remainder when (-1)/(-3) + (-268)/i is divided by o.
22
Let r be 3/5*(6/1 - 1). Let g(p) = 10 - 5*p - 3*p + 16*p + 14*p**2 + p**r + 4*p. Calculate the remainder when 88 is divided by g(-13).
19
Let l(r) = 2*r**3 - 4*r**2 - 24*r + 3. Calculate the remainder when l(6) is divided by ((-78)/(-60)*-5)/((-2)/12).
30
What is the remainder when (-1)/(154/(-44)) - (-108384)/14 is divided by 64?
62
Suppose -176*n + 171*n = -270. Suppose -f - 28 = 4*w - 0*w, -4*f = -5*w - 56. Let s(t) = t**2 + 5*t - 5. Calculate the remainder when n is divided by s(w).
16
Let o(r) be the third derivative of -r**6/120 - r**5/20 - 25*r**4/24 + 5*r**3/6 + 20*r**2. Let v = -59 - -112. What is the remainder when o(-6) is divided by v?
51
Suppose 2*q - 3*q = -4*j + 5, 0 = -2*j - 3*q + 13. Suppose -4*l = j*l. What is the remainder when 77 - (l - (-4 - -1) - 3) is divided by 26?
25
Let z(d) = -d**2 + 58*d + 1048. Calculate the remainder when z(70) is divided by 25.
8
What is the remainder when 1365 is divided by 1/((-4)/12) - (-272 + -71)?
5
Let m = -13 - -31. Let q = 101 - 67. Suppose -5*s = -4*x - 244, -q - 26 = -s - 2*x. What is the remainder when s is divided by m?
16
Let d(t) = -169*t - 2211. Let u = 12 + 14. Calculate the remainder when d(-14) is divided by u.
25
Suppose -8*d + 200 = 17*d. Let i(u) = 2*u - 36. Calculate the remainder when d is divided by i(21).
2
Suppose 19*i - 28 = 15*i. Let p = 45 - i. Suppose -3*b = -5*t - 26, 0*b - p = -3*b - t. What is the remainder when 47 is divided by b?
11
Let a(j) = j**2 + 35*j + 104. Calculate the remainder when 2179 is divided by a(-33).
13
Suppose -109*a + 1701 = -88*a. Calculate the remainder when 1293 is divided by a.
78
Let r(z) = z**3 + 11*z**2 - 3*z - 19. Suppose -4*l + 2*d = -2*d + 36, 19 = -l - 4*d. What is the remainder when 69 is divided by r(l)?
13
Let o(a) be the second derivative of 4*a**3 - 11*a**2/2 + 5*a + 7. Calculate the remainder when o(1) is divided by 8.
5
Let l(h) = 30*h - 189. Calculate the remainder when 1213 is divided by l(9).
79
Let z(b) = b**3 + 23*b**2 + 21*b - 17. Suppose 22*n = 25*n - 6. Suppose -26 - 18 = n*v. What is the remainder when z(v) is divided by 3?
2
Let b(z) = -z**3 - 9*z**2 - 34*z - 51. What is the remainder when 1844 is divided by b(-6